{"id":1733,"date":"2020-07-12T21:37:18","date_gmt":"2020-07-12T21:37:18","guid":{"rendered":"https:\/\/hizmet.ch\/index.php\/faq\/"},"modified":"2022-01-19T00:09:29","modified_gmt":"2022-01-18T22:09:29","slug":"faq","status":"publish","type":"page","link":"https:\/\/hizmet.ch\/index.php\/faq\/?lang=fr","title":{"rendered":"FAQ"},"content":{"rendered":"<p>[vc_row][vc_column][vc_column_text]<span style=\"font-weight: 400;\">Questions fr\u00e9quemment pos\u00e9es<\/span>[\/vc_column_text][vc_toggle title=&#8220;Que signifie \u201cHizmet\u201d?&#8220; custom_font_container=&#8220;tag:h5|text_align:left&#8220; custom_google_fonts=&#8220;font_family:Cardo%3Aregular%2Citalic%2C700|font_style:700%20bold%20regular%3A700%3Anormal&#8220; use_custom_heading=&#8220;true&#8220;]<\/p>\n<div class=\"panel-heading\">\n<p><span style=\"font-weight: 400;\">Hizmet signifie service, b\u00e9n\u00e9volat et engagement en turc. Lorsque les personnes qui participent au mouvement dit G\u00fclen parlent de leur mouvement, elles utilisent g\u00e9n\u00e9ralement ce terme. L\u2019id\u00e9e est de s\u2019engager pour les autres, quelle que soit leur appartenance, et de prendre des responsabilit\u00e9s pour la soci\u00e9t\u00e9.<\/span><\/p>\n<\/div>\n<p>[\/vc_toggle][vc_toggle title=&#8220;Comment est organis\u00e9 le mouvement Hizmet en Suisse?&#8220; custom_font_container=&#8220;tag:h5|text_align:left&#8220; custom_google_fonts=&#8220;font_family:Cardo%3Aregular%2Citalic%2C700|font_style:700%20bold%20regular%3A700%3Anormal&#8220; use_custom_heading=&#8220;true&#8220;]<\/p>\n<div class=\"panel-heading\">\n<div class=\"panel-heading\">\n<p><span style=\"font-weight: 400;\">Le mouvement Hizmet en Suisse est constitu\u00e9 de nombreuses associations et fondations d\u00e9centralis\u00e9es qui s&#8217;organisent. \u00c0 cet \u00e9gard, le Mouvement Hizmet est un r\u00e9seau d&#8217;initiatives qui \u00e9changent des informations et travaillent ensemble au niveau local et national selon les besoins. Au cours des derni\u00e8res d\u00e9cennies, la Suisse a assist\u00e9 \u00e0 l&#8217;\u00e9mergence d&#8217;un large \u00e9ventail d&#8217;organisations dans lesquelles diff\u00e9rentes personnes sont impliqu\u00e9es.<\/span><\/p>\n<\/div>\n<\/div>\n<p>[\/vc_toggle][vc_toggle title=&#8220;Qui sont les &#8222;Partisans de G\u00fclen&#8222;? Quelle est la relation avec Fethullah G\u00fclen?&#8220; custom_font_container=&#8220;tag:h5|text_align:left&#8220; custom_google_fonts=&#8220;font_family:Cardo%3Aregular%2Citalic%2C700|font_style:700%20bold%20regular%3A700%3Anormal&#8220; use_custom_heading=&#8220;true&#8220;]<\/p>\n<div class=\"panel-heading\">\n<div class=\"panel-heading\">\n<p><span style=\"font-weight: 400;\">&#8222;Partisans de G\u00fclen&#8220; est une d\u00e9signation qui n&#8217;est pas utilis\u00e9e au sein du mouvement Hizmet. Les adeptes de Hizmet sont des hommes et des femmes de tous les milieux et de toutes les tranches d&#8217;\u00e2ge. Les id\u00e9es du savant islamique Fethullah G\u00fclen sont des sources d&#8217;inspiration importantes pour de nombreuses personnes. Mais en fin de compte, l&#8217;engagement a lieu localement et chaque personne engag\u00e9e d\u00e9cide elle-m\u00eame de la mani\u00e8re dont elle veut apporter sa contribution.<\/span><\/p>\n<\/div>\n<\/div>\n<p>[\/vc_toggle][vc_toggle title=&#8220;Quel est le but du Mouvement Hizmet Suisse&#8220; custom_font_container=&#8220;tag:h5|text_align:left&#8220; custom_google_fonts=&#8220;font_family:Cardo%3Aregular%2Citalic%2C700|font_style:700%20bold%20regular%3A700%3Anormal&#8220; use_custom_heading=&#8220;true&#8220;]<\/p>\n<div class=\"panel-heading\">\n<div class=\"panel-heading\">\n<p><span style=\"font-weight: 400;\">L&#8217;homme doit pouvoir se d\u00e9velopper, \u00e9duquer et \u00e9clairer. Le mouvement Hizmet en Suisse est petit, principalement des Suisses d&#8217;origine turque. En Suisse, les personnes engag\u00e9es au Hizmet ont fond\u00e9 diverses associations et fondations dans le but de maintenir les \u00e9tablissements d&#8217;enseignement et de promouvoir le dialogue et l&#8217;int\u00e9gration interculturels et interreligieux. Voir aussi : &#8222;Quels sont nos objectifs ?<\/span><\/p>\n<\/div>\n<\/div>\n<p>[\/vc_toggle][vc_toggle title=&#8220;Que pense le mouvement Hizmet de la d\u00e9mocratie?&#8220; custom_font_container=&#8220;tag:h5|text_align:left&#8220; custom_google_fonts=&#8220;font_family:Cardo%3Aregular%2Citalic%2C700|font_style:700%20bold%20regular%3A700%3Anormal&#8220; use_custom_heading=&#8220;true&#8220;]<\/p>\n<div class=\"panel-heading\">\n<div class=\"panel-heading\">\n<p><span style=\"font-weight: 400;\">Pour Fethullah G\u00fclen, l&#8217;Islam est sans aucun doute compatible avec la d\u00e9mocratie. Selon lui, les valeurs universelles et les droits de l&#8217;homme s&#8217;appliquent ind\u00e9pendamment d&#8217;une religion particuli\u00e8re. Les efforts de G\u00fclen au sein du mouvement Hizmet pour la coexistence pacifique et le dialogue sont incontest\u00e9s et sont donc appr\u00e9ci\u00e9s par de nombreux universitaires et chercheurs dans le monde entier (comme Thomas Michel S.J., le professeur Helen Rose Ebaugh, le professeur Suleiman Abdallah Schleifer).<\/span><\/p>\n<p><span style=\"font-weight: 400;\">Dans le mouvement Hizmet, l&#8217;\u00eatre humain est au centre de l&#8217;attention. L&#8217;\u00eatre humain en tant qu&#8217;individu est le point de d\u00e9part de l&#8217;action. Chacun est responsable de sa propre vie, mais aussi de l&#8217;\u00e9tat de la soci\u00e9t\u00e9. Ainsi, le c\u0153ur de l&#8217;engagement est d&#8217;\u0153uvrer pour la d\u00e9mocratie et les droits de l&#8217;homme.<\/span><\/p>\n<\/div>\n<\/div>\n<p>[\/vc_toggle][vc_toggle title=&#8220;Quelle est la relation du mouvement Hizmet avec la religion?&#8220; custom_font_container=&#8220;tag:h5|text_align:left&#8220; custom_google_fonts=&#8220;font_family:Cardo%3Aregular%2Citalic%2C700|font_style:700%20bold%20regular%3A700%3Anormal&#8220; use_custom_heading=&#8220;true&#8220;]<\/p>\n<div class=\"panel-heading\">\n<div class=\"panel-heading\">\n<p><span style=\"font-weight: 400;\">Comme le Hizmet est un mouvement de la soci\u00e9t\u00e9 civile inspir\u00e9 par la foi, les participants \u00e0 ce mouvement sont motiv\u00e9s notamment par des ressources spirituelles et des valeurs morales d\u00e9riv\u00e9es de la tradition islamique, comme le d\u00e9sint\u00e9ressement et d&#8217;autres incitations non mat\u00e9rielles.<\/span><\/p>\n<p><span style=\"font-weight: 400;\">Les id\u00e9es du Mouvement Hizmet sont bas\u00e9es sur d<\/span><b>es valeurs universelles<\/b><span style=\"font-weight: 400;\"> telles que la tol\u00e9rance, l&#8217;\u00e9galit\u00e9 des chances, la participation sociale, les droits d\u00e9mocratiques fondamentaux, la libert\u00e9 d&#8217;expression et l&#8217;\u00e9galit\u00e9 entre les hommes et les femmes. Bien qu&#8217;historiquement le Mouvement Hizmet trouve ses origines dans l&#8217;Islam, il est ouvert \u00e0 tous les peuples, qu&#8217;ils appartiennent ou non \u00e0 une religion.<\/span><\/p>\n<\/div>\n<\/div>\n<p>[\/vc_toggle][vc_toggle title=&#8220;Le mouvement Hizmet fait-il partie de l&#8217;islam politique?&#8220; custom_font_container=&#8220;tag:h5|text_align:left&#8220; custom_google_fonts=&#8220;font_family:Cardo%3Aregular%2Citalic%2C700|font_style:700%20bold%20regular%3A700%3Anormal&#8220; use_custom_heading=&#8220;true&#8220;]<\/p>\n<div class=\"panel-heading\">\n<div class=\"panel-heading\">\n<p><span style=\"font-weight: 400;\">Non, le mouvement ne repr\u00e9sente pas un Islam politique, mais un Islam civil. Elle se d\u00e9finit comme une force de la soci\u00e9t\u00e9 civile qui se concentre sur les personnes et leur d\u00e9veloppement individuel.<\/span><\/p>\n<\/div>\n<\/div>\n<p>[\/vc_toggle][vc_toggle title=&#8220;Le mouvement Hizmet est-il une secte?&#8220; custom_font_container=&#8220;tag:h5|text_align:left&#8220; custom_google_fonts=&#8220;font_family:Cardo%3Aregular%2Citalic%2C700|font_style:700%20bold%20regular%3A700%3Anormal&#8220; use_custom_heading=&#8220;true&#8220;]<\/p>\n<div class=\"panel-heading\">\n<div class=\"panel-heading\">\n<p><span style=\"font-weight: 400;\">Non. Les sectes se caract\u00e9risent par la perte d&#8217;autonomie de l&#8217;individu, le droit exclusif des membres au salut, l&#8217;isolement social et la culture d&#8217;un culte de la personnalit\u00e9. Toutes ces conditions ne sont pas remplies dans le Hizmet. Le mouvement Hizmet n&#8217;a pas d&#8217;enseignements ou de rituels sectaires. Elle a une structure ouverte. La participation au mouvement se fait exclusivement sur une base volontaire. Enfin, Fethullah G\u00fclen n&#8217;est pas consid\u00e9r\u00e9 comme infaillible.<\/span><\/p>\n<\/div>\n<\/div>\n<p>[\/vc_toggle][vc_toggle title=&#8220;Comment sont financ\u00e9es les associations ou fondations du mouvement Hizmet en Suisse ?&#8220; custom_font_container=&#8220;tag:h5|text_align:left&#8220; custom_google_fonts=&#8220;font_family:Cardo%3Aregular%2Citalic%2C700|font_style:700%20bold%20regular%3A700%3Anormal&#8220; use_custom_heading=&#8220;true&#8220;]<\/p>\n<div class=\"panel-heading\">\n<div class=\"panel-heading\">\n<p><span style=\"font-weight: 400;\">Les institutions Hizmet en Suisse sont organis\u00e9es en associations ou en fondations au sens du Code civil suisse. Ces organisations sont financ\u00e9es &#8211; comme c&#8217;est l&#8217;usage en Suisse &#8211; par des subventions et des cotisations des membres. La collecte de fonds est effectu\u00e9e par des associations locales. Le mouvement Hizmet en Suisse n&#8217;est pas financ\u00e9 de l&#8217;\u00e9tranger.<\/span><\/p>\n<\/div>\n<\/div>\n<p>[\/vc_toggle][vc_toggle title=&#8220;Pourquoi le mouvement Hizmet est-il aujourd&#8217;hui l&#8217;ennemi public num\u00e9ro un de la Turquie ?&#8220; custom_font_container=&#8220;tag:h5|text_align:left&#8220; custom_google_fonts=&#8220;font_family:Cardo%3Aregular%2Citalic%2C700|font_style:700%20bold%20regular%3A700%3Anormal&#8220; use_custom_heading=&#8220;true&#8220;]<\/p>\n<div class=\"panel-heading\">\n<div class=\"panel-heading\">\n<p><span style=\"font-weight: 400;\">Ceux qui sont au pouvoir en Turquie ne croient probablement pas que le mouvement Hizmet est lui-m\u00eame dangereux. Fethullah G\u00fclen leur sert de bouc \u00e9missaire classique. G\u00fclen a \u00e9t\u00e9 d\u00e9clar\u00e9 ennemi public num\u00e9ro un apr\u00e8s qu&#8217;il ait \u00e9t\u00e9 d\u00e9couvert en 2013 que la famille Erdogan et trois ministres de son cabinet \u00e9taient impliqu\u00e9s dans le scandale de la corruption. Sans aucune preuve, le gouvernement pr\u00e9tend que la r\u00e9v\u00e9lation de cette corruption a \u00e9t\u00e9 faite par des juges, des procureurs et des policiers proches du mouvement Hizmet.<\/span><\/p>\n<p><span style=\"font-weight: 400;\">Erdogan cr\u00e9e toujours un nouveau bouc \u00e9missaire pour d\u00e9tourner l&#8217;attention du scandale de la corruption et accro\u00eetre encore son pouvoir. \u00c0 l&#8217;heure actuelle, celui qui critique Erdogan et sa politique est un tra\u00eetre ou un ennemi de l&#8217;\u00c9tat ; tous les hommes politiques de l&#8217;opposition, les universitaires, les juges, les procureurs, les policiers, les membres de l&#8217;arm\u00e9e, les journalistes, les propri\u00e9taires d&#8217;entreprises, etc. La pr\u00e9somption d&#8217;innocence ne s&#8217;applique plus \u00e0 eux.<\/span><\/p>\n<\/div>\n<\/div>\n<p>[\/vc_toggle][vc_toggle title=&#8220;Pourquoi le gouvernement turc appelle-t-il tous les &#8222;partisans de G\u00fclen&#8222; des terroristes ?&#8220; custom_font_container=&#8220;tag:h5|text_align:left&#8220; custom_google_fonts=&#8220;font_family:Cardo%3Aregular%2Citalic%2C700|font_style:700%20bold%20regular%3A700%3Anormal&#8220; use_custom_heading=&#8220;true&#8220;]<\/p>\n<div class=\"panel-heading\">\n<div class=\"panel-heading\">\n<p><span style=\"font-weight: 400;\">Selon les principes d\u00e9mocratiques et constitutionnels, cette accusation n&#8217;est en aucun cas d\u00e9fendable. Une chasse aux sorci\u00e8res a lieu actuellement contre toutes les voix qui critiquent le gouvernement, en particulier contre celles qui se sont engag\u00e9es envers le Hizmet. Malgr\u00e9 tous ses efforts, le gouvernement turc n&#8217;a pas r\u00e9ussi \u00e0 convaincre les \u00c9tats occidentaux et leurs services de renseignement de sa th\u00e8se selon laquelle le mouvement Hizmet est une organisation terroriste.<\/span><\/p>\n<\/div>\n<\/div>\n<p>[\/vc_toggle][vc_toggle title=&#8220;Quelles sont les cons\u00e9quences des \u00e9v\u00e9nements actuels en Turquie pour la Suisse ?&#8220; custom_font_container=&#8220;tag:h5|text_align:left&#8220; custom_google_fonts=&#8220;font_family:Cardo%3Aregular%2Citalic%2C700|font_style:700%20bold%20regular%3A700%3Anormal&#8220; use_custom_heading=&#8220;true&#8220;]<\/p>\n<p><span style=\"font-weight: 400;\">Les mesures drastiques prises par l&#8217;administration Erdogan \u00e0 l&#8217;encontre des personnes critiquant le gouvernement ont pour cons\u00e9quence que des personnes pers\u00e9cut\u00e9es fuient la Turquie pour se r\u00e9fugier dans des pays comme la Suisse, y compris des personnes engag\u00e9es dans le mouvement Hizmet.\u00a0 En Suisse comme ailleurs, les engag\u00e9s du Hizmet sont espionn\u00e9s par le r\u00e9gime d&#8217;Erdogan et font l&#8217;objet d&#8217;un harc\u00e8lement. Comme toutes les voix critiques \u00e0 l&#8217;\u00e9gard du gouvernement, ils sont \u00e9galement victimes d&#8217;hostilit\u00e9 et de diffamation. Selon les m\u00e9dias suisses, les services de renseignement turcs ont m\u00eame tent\u00e9 d&#8217;enlever un Suisse engag\u00e9 dans le mouvement Hizmet en Suisse. Ce p\u00e8re de famille a failli \u00eatre la premi\u00e8re et la seule personne depuis la Seconde Guerre mondiale \u00e0 \u00eatre enlev\u00e9e en Suisse par des agents \u00e9trangers. Les engag\u00e9s du mouvement Hizmet s&#8217;efforcent toujours de rendre la situation moins tendue et cherchent, le cas \u00e9ch\u00e9ant, \u00e0 se prot\u00e9ger exclusivement par la voie juridique.<\/span><\/p>\n<p>[\/vc_toggle][vc_toggle title=&#8220;A quelles r\u00e9pressions les engag\u00e9s du mouvement Hizmet sont-ils expos\u00e9s en Turquie ?&#8220; custom_font_container=&#8220;tag:h5|text_align:left&#8220; custom_google_fonts=&#8220;font_family:Cardo%3Aregular%2Citalic%2C700|font_style:700%20bold%20regular%3A700%3Anormal&#8220; use_custom_heading=&#8220;true&#8220;]<span style=\"font-weight: 400;\">La tentative de putsch de juillet 2016 a boulevers\u00e9 le climat politique et social en Turquie. Avant m\u00eame de savoir ce qui se passait, le gouvernement Erdogan avait identifi\u00e9 les responsables pr\u00e9sum\u00e9s de la tentative de coup d&#8217;\u00c9tat. Ils ont aussit\u00f4t \u00e9t\u00e9 mis au pilori. Des arrestations ont suivi. Tout comme les licenciements dans la fonction publique et le secteur priv\u00e9.<\/span><\/p>\n<p><span style=\"font-weight: 400;\">Fin mars 2019, les chiffres officiels r\u00e9v\u00e9laient que 150&#8217;348 personnes ont \u00e9t\u00e9 licenci\u00e9es, 500&#8217;650 personnes ont fait l&#8217;objet d&#8217;une enqu\u00eate, 96`885 personnes ont \u00e9t\u00e9 emprisonn\u00e9es, dont plus de 18,000 femmes et plus de 800 b\u00e9b\u00e9s et jeunes enfants, 6&#8217;021 universitaires renvoy\u00e9s des universit\u00e9s, 4&#8217;462 juges et procureurs ont \u00e9t\u00e9 renvoy\u00e9s de la fonction publique ou emprisonn\u00e9s.<\/span><\/p>\n<p><span style=\"font-weight: 400;\">Selon les chiffres officiels, le r\u00e9gime d&#8217;Erdogan a confisqu\u00e9 des biens appartenant \u00e0 des personnes engag\u00e9es dans le mouvement Hizmet pour un montant de 30 milliards de dollars.<\/span><\/p>\n<p><span style=\"font-weight: 400;\">Les arrestations se poursuivent toujours au d\u00e9but de l&#8217;ann\u00e9e 2022. Les d\u00e9tentions ont souvent lieu sur la base d&#8217;accusations et d&#8217;all\u00e9gations peu claires, sans preuves. Des personnes peuvent se retrouver dans le collimateur des autorit\u00e9s sur la base de simples accusations et d\u00e9nonciations de tiers.\u00a0<\/span><\/p>\n<p><span style=\"font-weight: 400;\">Apr\u00e8s le 15 juillet 2016, le r\u00e9gime d&#8217;Erdogan a voulu arr\u00eater certaines personnes qui \u00e9taient d\u00e9j\u00e0 mortes avant. Cela montre que les listes d&#8217;arrestations avaient \u00e9t\u00e9 pr\u00e9par\u00e9es bien avant.<\/span><\/p>\n<p><span style=\"font-weight: 400;\">Les cons\u00e9quences de cette chasse aux sorci\u00e8res permanente sont les suivantes : Expropriations, emprisonnements, discriminations, diffamations. Les personnes directement concern\u00e9es ne trouvent pas d&#8217;emploi alternatif et n&#8217;ont pas d&#8217;assurance sociale ou m\u00e9dicale en Turquie. Une partie des sanctions concerne \u00e9galement les parents, les conjoints et les enfants. Les personnes sont ainsi priv\u00e9es de leurs besoins existentiels de base. Un fonctionnaire de premier plan du parti turc au pouvoir, l&#8217;AKP, recommande (sarcastiquement) aux personnes concern\u00e9es de manger des racines d&#8217;arbres.<\/span><\/p>\n<p><span style=\"font-weight: 400;\">Plusieurs milliers de personnes ont d\u00fb quitter le pays par crainte d&#8217;\u00eatre emprisonn\u00e9es. M\u00eame ceux qui sont en fuite doivent s&#8217;attendre \u00e0 \u00eatre pers\u00e9cut\u00e9s. On a ainsi d\u00e9j\u00e0 recens\u00e9 plusieurs cas d&#8217;enl\u00e8vements \u00e0 l&#8217;\u00e9tranger, qui ont fait l&#8217;objet d&#8217;articles dans les m\u00e9dias internationaux.<\/span>[\/vc_toggle][vc_toggle title=&#8220;Le mouvement Hizmet d\u00e9finit-il le programme dans leurs \u00e9tablissements d&#8217;enseignement?&#8220; custom_font_container=&#8220;tag:h5|text_align:left&#8220; custom_google_fonts=&#8220;font_family:Cardo%3Aregular%2Citalic%2C700|font_style:700%20bold%20regular%3A700%3Anormal&#8220; use_custom_heading=&#8220;true&#8220;]<\/p>\n<div class=\"panel-heading\">\n<div class=\"panel-heading\">\n<p><span style=\"font-weight: 400;\">Les \u00e9tablissements d&#8217;enseignement g\u00e9r\u00e9s par les personnes engag\u00e9es dans le Hizmet suivent les programmes cantonaux et respectent les r\u00e9glementations locales. Ni la religion ni la nationalit\u00e9 ne jouent un r\u00f4le dans le choix des enseignants.<\/span><\/p>\n<\/div>\n<\/div>\n<p>[\/vc_toggle][vc_toggle title=&#8220;Le mouvement Hizmet tente-t-il d&#8217;\u00e9tablir une soci\u00e9t\u00e9 parall\u00e8le en Suisse ?&#8220; custom_font_container=&#8220;tag:h5|text_align:left&#8220; custom_google_fonts=&#8220;font_family:Cardo%3Aregular%2Citalic%2C700|font_style:700%20bold%20regular%3A700%3Anormal&#8220; use_custom_heading=&#8220;true&#8220;]<\/p>\n<div class=\"panel-heading\">\n<div class=\"panel-heading\">\n<p><span style=\"font-weight: 400;\">Non, le mouvement Hizmet est ouvert, engag\u00e9 localement et effectue un travail d&#8217;int\u00e9gration sur le terrain, entre autres pour \u00e9viter l&#8217;\u00e9mergence de soci\u00e9t\u00e9s parall\u00e8les. Cela se fait principalement par le biais de projets et de coop\u00e9ration dans les domaines de l&#8217;\u00e9ducation et du dialogue.<\/span><\/p>\n<\/div>\n<\/div>\n<p>[\/vc_toggle][vc_toggle title=&#8220;Le mouvement Hizmet cache-t-il ses v\u00e9ritables intentions?&#8220; custom_font_container=&#8220;tag:h5|text_align:left&#8220; custom_google_fonts=&#8220;font_family:Cardo%3Aregular%2Citalic%2C700|font_style:700%20bold%20regular%3A700%3Anormal&#8220; use_custom_heading=&#8220;true&#8220;]<\/p>\n<div class=\"panel-heading\">\n<div class=\"panel-heading\">\n<p><span style=\"font-weight: 400;\">Non, le mouvement Hizmet ne cache pas ses intentions. Il s&#8217;agit d&#8217;une communaut\u00e9 civile qui est active en Suisse depuis plus de 30 ans et qui apporte sa contribution \u00e0 la coexistence pacifique. Le mouvement continue \u00e0 poursuivre cette approche de la soci\u00e9t\u00e9 civile.<\/span><\/p>\n<\/div>\n<\/div>\n<p>[\/vc_toggle][vc_toggle title=&#8220;Erdogan et G\u00fclen \u00e9taient-ils des alli\u00e9s?&#8220; custom_font_container=&#8220;tag:h5|text_align:left&#8220; custom_google_fonts=&#8220;font_family:Cardo%3Aregular%2Citalic%2C700|font_style:700%20bold%20regular%3A700%3Anormal&#8220; use_custom_heading=&#8220;true&#8220;]<\/p>\n<div class=\"panel-heading\">\n<div class=\"panel-heading\">\n<p><span style=\"font-weight: 400;\">Au d\u00e9but de sa carri\u00e8re politique, Erdogan prend ses distances par rapport \u00e0 ses convictions radicales et pr\u00f4ne plut\u00f4t une stricte s\u00e9paration de l&#8217;\u00c9tat et de la religion, les droits des minorit\u00e9s, la libert\u00e9 d&#8217;expression et reprend certains des arguments du mouvement Hizmet. Non seulement les partisans du Hizmet, mais aussi les voix lib\u00e9rales en Turquie et dans les \u00c9tats occidentaux \u00e9taient depuis longtemps convaincus de la voie des r\u00e9formes d\u00e9mocratiques et constitutionnelles du gouvernement AKP sous Erdogan. C&#8217;est ainsi, par exemple, que les n\u00e9gociations d&#8217;adh\u00e9sion \u00e0 l&#8217;UE ont \u00e9t\u00e9 entam\u00e9es.<\/span><\/p>\n<p><span style=\"font-weight: 400;\">De nombreuses personnes du mouvement Hizmet ont soutenu le cours de la r\u00e9forme de l&#8217;AKP par leurs votes aux \u00e9lections. Cela donnait l&#8217;impression d&#8217;une alliance entre G\u00fclen et Erdogan. Plus Erdogan s&#8217;\u00e9loignait des principes d\u00e9mocratiques et constitutionnels, plus le mouvement Hizmet se distan\u00e7ait de lui et de son AKP. Les id\u00e9es et les principes du mouvement Hizmet ne sont pas compatibles avec les id\u00e9es et les revendications politiques actuelles d&#8217;Erdogan. Selon la devise &#8222;Celui qui n&#8217;est pas pour moi est contre moi&#8220;, Erdogan a d\u00e9clar\u00e9 que tous les personnes du Mouvement Hizmet \u00e9taient ses ennemis.<\/span><\/p>\n<\/div>\n<\/div>\n<p>[\/vc_toggle][vc_toggle title=&#8220;Les partisans du Hizmet ont-ils \u00e9t\u00e9 impliqu\u00e9s dans la tentative de coup d&#8217;\u00c9tat de juillet 2016 ?&#8220; custom_font_container=&#8220;tag:h5|text_align:left&#8220; custom_google_fonts=&#8220;font_family:Cardo%3Aregular%2Citalic%2C700|font_style:700%20bold%20regular%3A700%3Anormal&#8220; use_custom_heading=&#8220;true&#8220;]<\/p>\n<div class=\"panel-heading\">\n<div class=\"panel-heading\">\n<p><span style=\"font-weight: 400;\">Tant Fethullah G\u00fclen que les personnes engag\u00e9es \u00e0 Hizmet ont fermement condamn\u00e9 la tentative de coup d&#8217;\u00c9tat cette nuit-l\u00e0 et s&#8217;en sont \u00e9loign\u00e9es. Erdogan n&#8217;a pas encore r\u00e9ussi \u00e0 convaincre de sa revendication un \u00c9tat d\u00e9mocratique organis\u00e9 selon l&#8217;\u00c9tat de droit. Fethullah G\u00fclen a appel\u00e9 \u00e0 plusieurs reprises \u00e0 la cr\u00e9ation d&#8217;une commission internationale ind\u00e9pendante pour clarifier le contexte de la tentative de coup d&#8217;\u00c9tat. Il s&#8217;est d\u00e9clar\u00e9 pr\u00eat \u00e0 se rendre \u00e0 la justice turque si la commission prouvait sa participation \u00e0 la tentative de coup d&#8217;\u00c9tat. Erdogan a refus\u00e9 de convoquer une telle commission ind\u00e9pendante.<\/span><\/p>\n<\/div>\n<\/div>\n<p>[\/vc_toggle][vc_toggle title=&#8220;Le mouvement Hizmet est-il critiquable ?&#8220; custom_font_container=&#8220;tag:h5|text_align:left&#8220; custom_google_fonts=&#8220;font_family:Cardo%3Aregular%2Citalic%2C700|font_style:700%20bold%20regular%3A700%3Anormal&#8220; use_custom_heading=&#8220;true&#8220;]<\/p>\n<div class=\"panel-heading\">\n<div class=\"panel-heading\">\n<div class=\"panel-heading\">\n<p><span style=\"font-weight: 400;\">Faire face \u00e0 la critique de mani\u00e8re ouverte est un \u00e9l\u00e9ment important de la soci\u00e9t\u00e9 d\u00e9mocratique locale. Dans le cadre de cette soci\u00e9t\u00e9, nous prenons tous les points critiques au s\u00e9rieux, y r\u00e9fl\u00e9chissons, essayons d&#8217;en tirer des le\u00e7ons et de nous d\u00e9velopper davantage.<\/span><\/p>\n<\/div>\n<\/div>\n<\/div>\n<p>[\/vc_toggle][\/vc_column][\/vc_row]<\/p>\n","protected":false},"excerpt":{"rendered":"<p>[vc_row][vc_column][vc_column_text]Questions fr\u00e9quemment pos\u00e9es[\/vc_column_text][vc_toggle title=&#8220;Que signifie \u201cHizmet\u201d?&#8220; custom_font_container=&#8220;tag:h5|text_align:left&#8220; custom_google_fonts=&#8220;font_family:Cardo%3Aregular%2Citalic%2C700|font_style:700%20bold%20regular%3A700%3Anormal&#8220; use_custom_heading=&#8220;true&#8220;] Hizmet signifie service, b\u00e9n\u00e9volat et engagement en turc. Lorsque les personnes qui participent au mouvement dit G\u00fclen parlent de leur mouvement, elles utilisent g\u00e9n\u00e9ralement ce terme. L\u2019id\u00e9e est de s\u2019engager pour les autres, quelle que soit leur appartenance, et de prendre [&hellip;]<\/p>\n","protected":false},"author":1,"featured_media":0,"parent":0,"menu_order":0,"comment_status":"closed","ping_status":"closed","template":"","meta":{"footnotes":""},"class_list":["post-1733","page","type-page","status-publish","hentry"],"aioseo_notices":[],"_links":{"self":[{"href":"https:\/\/hizmet.ch\/index.php\/wp-json\/wp\/v2\/pages\/1733","targetHints":{"allow":["GET"]}}],"collection":[{"href":"https:\/\/hizmet.ch\/index.php\/wp-json\/wp\/v2\/pages"}],"about":[{"href":"https:\/\/hizmet.ch\/index.php\/wp-json\/wp\/v2\/types\/page"}],"author":[{"embeddable":true,"href":"https:\/\/hizmet.ch\/index.php\/wp-json\/wp\/v2\/users\/1"}],"replies":[{"embeddable":true,"href":"https:\/\/hizmet.ch\/index.php\/wp-json\/wp\/v2\/comments?post=1733"}],"version-history":[{"count":5,"href":"https:\/\/hizmet.ch\/index.php\/wp-json\/wp\/v2\/pages\/1733\/revisions"}],"predecessor-version":[{"id":2383,"href":"https:\/\/hizmet.ch\/index.php\/wp-json\/wp\/v2\/pages\/1733\/revisions\/2383"}],"wp:attachment":[{"href":"https:\/\/hizmet.ch\/index.php\/wp-json\/wp\/v2\/media?parent=1733"}],"curies":[{"name":"wp","href":"https:\/\/api.w.org\/{rel}","templated":true}]}}