{"id":1697,"date":"2020-06-23T10:47:27","date_gmt":"2020-06-23T10:47:27","guid":{"rendered":"https:\/\/hizmet.ch\/index.php\/wer-sind-wir\/"},"modified":"2020-12-29T00:53:21","modified_gmt":"2020-12-28T22:53:21","slug":"wer-sind-wir","status":"publish","type":"page","link":"https:\/\/hizmet.ch\/index.php\/wer-sind-wir\/?lang=fr","title":{"rendered":"Qui sommes-nous ?"},"content":{"rendered":"<p>[vc_row][vc_column][vc_column_text]<\/p>\n<p>Les premiers partisans du Hizmet qui ont immigr\u00e9 de la Turquie en Suisse, ont institutionnalis\u00e9 leurs activit\u00e9s d\u00e8s 1989. Ils ont organis\u00e9 des soir\u00e9es de discussion, ouvert des appartements en colocation pour les \u00e9tudiants, organis\u00e9 des cours de tutorat. Au fil du temps, en fonction des besoins, ils ont cr\u00e9\u00e9 des associations et des fondations dans diff\u00e9rentes villes de Suisse. En raison du nombre croissant de partisans et d&#8217;activit\u00e9s et dans l&#8217;esprit du temps, pour une meilleure transparence et coordination, le groupe d&#8217;int\u00e9r\u00eat des organisations Hizmet en Suisse, le Mouvement Hizmet Suisse, a \u00e9t\u00e9 fond\u00e9 en 2017 (anciennement IGUW &#8211; Interessengemeinschaft f\u00fcr Universelle Werte).<\/p>\n<p>[\/vc_column_text][\/vc_column][\/vc_row][vc_row][vc_column][\/vc_column][\/vc_row]<\/p>\n","protected":false},"excerpt":{"rendered":"<p>[vc_row][vc_column][vc_column_text] Les premiers partisans du Hizmet qui ont immigr\u00e9 de la Turquie en Suisse, ont institutionnalis\u00e9 leurs activit\u00e9s d\u00e8s 1989. Ils ont organis\u00e9 des soir\u00e9es de discussion, ouvert des appartements en colocation pour les \u00e9tudiants, organis\u00e9 des cours de tutorat. Au fil du temps, en fonction des besoins, ils ont [&hellip;]<\/p>\n","protected":false},"author":1,"featured_media":0,"parent":0,"menu_order":0,"comment_status":"closed","ping_status":"closed","template":"","meta":{"footnotes":""},"class_list":["post-1697","page","type-page","status-publish","hentry"],"aioseo_notices":[],"_links":{"self":[{"href":"https:\/\/hizmet.ch\/index.php\/wp-json\/wp\/v2\/pages\/1697","targetHints":{"allow":["GET"]}}],"collection":[{"href":"https:\/\/hizmet.ch\/index.php\/wp-json\/wp\/v2\/pages"}],"about":[{"href":"https:\/\/hizmet.ch\/index.php\/wp-json\/wp\/v2\/types\/page"}],"author":[{"embeddable":true,"href":"https:\/\/hizmet.ch\/index.php\/wp-json\/wp\/v2\/users\/1"}],"replies":[{"embeddable":true,"href":"https:\/\/hizmet.ch\/index.php\/wp-json\/wp\/v2\/comments?post=1697"}],"version-history":[{"count":3,"href":"https:\/\/hizmet.ch\/index.php\/wp-json\/wp\/v2\/pages\/1697\/revisions"}],"predecessor-version":[{"id":1873,"href":"https:\/\/hizmet.ch\/index.php\/wp-json\/wp\/v2\/pages\/1697\/revisions\/1873"}],"wp:attachment":[{"href":"https:\/\/hizmet.ch\/index.php\/wp-json\/wp\/v2\/media?parent=1697"}],"curies":[{"name":"wp","href":"https:\/\/api.w.org\/{rel}","templated":true}]}}